a1
1755 (base 10) to base 15
7c0
What is 63605 (base 8) in base 16?
6785
Convert -640 (base 10) to base 13.
-3a3
What is 608a (base 14) in base 16?
40ca
201250 (base 6) to base 8
36776
Convert 41461 (base 9) to base 14.
9d7a
What is 1001010001 (base 2) in base 11?
49a
a5c (base 14) to base 13
c11
Convert -c52 (base 14) to base 5.
-34144
What is -1121021222 (base 3) in base 13?
-1149b
What is 7c (base 15) in base 7?
225
What is 10254 (base 6) in base 16?
57a
What is 862 (base 11) in base 2?
10000001100
2cd (base 16) to base 9
876
-30b2 (base 12) to base 13
-2561
What is 903 (base 11) in base 4?
101010
What is 18323 (base 9) in base 10?
12657
Convert -40a (base 14) to base 8.
-1432
-27684 (base 10) to base 8
-66044
What is -1100111101110 (base 2) in base 5?
-203023
Convert a48 (base 14) to base 8.
3750
678 (base 11) to base 7
2236
What is 240 (base 8) in base 16?
a0
Convert -2040 (base 5) to base 6.
-1130
Convert 1e63 (base 16) to base 13.
3705
What is -2723 (base 11) in base 10?
-3534
Convert -1248 (base 10) to base 12.
-880
What is -53314 (base 6) in base 9?
-10841
Convert 3235 (base 8) to base 15.
77d
Convert -5174 (base 13) to base 14.
-4157
52264 (base 7) to base 9
18541
Convert -604 (base 14) to base 5.
-14210
-1498 (base 14) to base 12
-2152
Convert -2480 (base 10) to base 5.
-34410
What is 3990 (base 10) in base 9?
5423
-1102423 (base 5) to base 2
-100101010101001
Convert 54 (base 14) to base 4.
1022
What is -45 (base 10) in base 14?
-33
Convert -154031 (base 7) to base 16.
-75fe
What is -269 (base 13) in base 14?
-225
-1001101010 (base 2) to base 12
-436
2200122 (base 3) to base 9
2618
What is -74320 (base 10) in base 7?
-426451
Convert -101101000010 (base 2) to base 14.
-109c
Convert -2314 (base 6) to base 8.
-1046
-12382 (base 9) to base 10
-8336
-590 (base 16) to base 12
-9a8
Convert 1503 (base 6) to base 11.
333
What is 1102010221 (base 3) in base 4?
12302200
Convert -538 (base 13) to base 3.
-1020001
What is -1001000000000 (base 2) in base 7?
-16302
What is -203 (base 4) in base 5?
-120
What is -2057 (base 11) in base 3?
-10201220
-30111 (base 4) to base 9
-1066
-2c8 (base 14) to base 7
-1441
What is -880 (base 14) in base 16?
-690
-75b (base 16) to base 14
-987
Convert -737 (base 10) to base 12.
-515
788 (base 12) to base 4
101120
Convert -1905 (base 15) to base 6.
-41005
What is -75 (base 16) in base 7?
-225
Convert 637 (base 16) to base 11.
1217
What is -12030313 (base 4) in base 2?
-110001100110111
37 (base 15) to base 6
124
What is -10bb8 (base 13) in base 4?
-13131223
Convert -18a (base 12) to base 8.
-372
-35a2 (base 12) to base 10
-6026
Convert 124030 (base 5) to base 13.
22c2
-1720 (base 8) to base 13
-5a1
-2437 (base 11) to base 15
-e26
What is f34 (base 16) in base 15?
1247
Convert 201b (base 15) to base 12.
3b08
1000011001100 (base 2) to base 12
25a4
What is -53 (base 9) in base 5?
-143
-518 (base 13) to base 2
-1101100010
What is -23c5 (base 16) in base 9?
-13504
What is 11001110 (base 2) in base 8?
316
-210 (base 4) to base 6
-100
Convert -a350 (base 12) to base 8.
-42554
16472 (base 10) to base 14
6008
Convert 631 (base 10) to base 15.
2c1
531325 (base 6) to base 2
1010100001100101
Convert -11001010111 (base 2) to base 13.
-97b
Convert -106685 (base 9) to base 12.
-31042
What is 4150 (base 11) in base 2?
1010101111100
Convert 30122 (base 4) to base 2.
1100011010
Convert 34610 (base 8) to base 9.
22174
Convert -324313 (base 5) to base 13.
-5142
278 (base 11) to base 4
11013
-400 (base 10) to base 9
-484
What is 1323 (base 6) in base 11?
289
333134 (base 5) to base 9
17005
Convert -5184 (base 11) to base 7.
-26011
Convert 1011000001 (base 2) to base 9.
863
-421 (base 11) to base 9
-623
What is 4302 (base 8) in base 7?
6352
3a72 (base 12) to base 16
1a36
What is -1501 (base 8) in base 5?
-11313
-11b (base 16) to base 2
-100011011
1571 (base 9) to base 8
2256
Convert -1211220 (base 3) to base 8.
-2503
What is -12301 (base 7) in base 16?
-ca3
What is 10101010111 (base 2) in base 3?
1212122
Convert -17a (base 15) to base 10.
-340
3072 (base 10) to base 14
1196
Convert 8006 (base 9) to base 3.
22000020
What is 1000111 (base 2) in base 7?
131
ca76 (base 15) to base 3
2011210110
Convert 31d (base 14) to base 2.
1001100111
Convert 31d (base 15) to base 16.
2bf
Convert ba65 (base 16) to base 2.
1011101001100101
Convert 1222 (base 3) to base 13.
41
1253 (base 14) to base 16
c89
-210100 (base 4) to base 3
-10011221
13052 (base 7) to base 15
1062
-350 (base 13) to base 5
-4242
What is -1100000000 (base 2) in base 5?
-11033
What is -101101 (base 3) in base 9?
-341
-13264 (base 7) to base 14
-1434
Convert 102312 (base 4) to base 6.
5330
Convert -6b9 (base 13) to base 3.
-1121012
1000010100 (base 2) to base 16
214
-55050 (base 7) to base 9
-20773
Convert 2114 (base 5) to base 14.
164
Convert -1a343 (base 13) to base 15.
-10213
-549 (base 14) to base 9
-1381
What is 110101 (base 3) in base 14?
19c
Convert -111100000 (base 2) to base 13.
-2ac
-142101 (base 5) to base 10
-5901
What is 1d (base 16) in base 15?
1e
133421 (base 6) to base 2
11000010110101
Convert -54331 (base 6) to base 2.
-1110100101111
-344 (base 10) to base 7
-1001
122110121 (base 3) to base 2
11000110111101
What is 1a24 (base 14) in base 15?
160b
What is -687 (base 9) in base 4?
-20311
Convert 104240 (base 5) to base 10.
3695
Convert 191a0 (base 11) to base 7.
141166
-4661 (base 7) to base 4
-122231
-971 (base 12) to base 2
-10101100101
What is 10000010010011 (base 2) in base 14?
3079
Convert 102220 (base 3) to base 6.
1253
Convert 14632 (base 8) to base 5.
202204
1101011001100 (base 2) to base 7
26000
Convert 13145 (base 9) to base 8.
21246
Convert -104a (base 11) to base 16.
-569
-686 (base 11) to base 6
-3444
Convert -17321 (base 8) to base 3.
-101211012
What is 1000111101100 (base 2) in base 4?
1013230
43133 (base 5) to base 6
21302
Convert 2eb (base 16) to base 9.
1020
Convert -10674 (base 8) to base 5.
-121130
What is 61001 (base 8) in base 10?
25089
-1720 (base 8) to base 15
-451
What is 703 (base 8) in base 11?
380
What is 22939 (base 12) in base 11?
31843
1420 (base 5) to base 8
353
465 (base 8) to base 4
10311
What is 15003 (base 7) in base 12?
2473
Convert 11001000110010 (base 2) to base 5.
402400
Convert 12951 (base 11) to base 9.
27267
What is -211325 (base 6) in base 16?
-4325
-2022121 (base 5) to base 7
-164405
-30425 (base 6) to base 14
-1693
30140 (base 5) to base 9
2563
Convert 222301 (base 4) to base 15.
c27
What is 32440 (base 5) in base 9?
3064
Convert -14238 (base 13) to base 4.
-21031212
45 (base 6) to base 12
25
What is 62663 (base 8) in base 2?
110010110110011
-20173 (base 10) to base 3
-1000200011
100011001010 (base 2) to base 15
a00
Convert 25531 (base 6) to base 15.
1231
What is 1410231 (base 5) in base 7?
150004
Convert 24261 (base 8) to base 5.
313132
Convert 35235 (base 7) to base 2.
10001101010010
What is -1c6 (base 13) in base 12?
-237
What is -6231 (base 8) in base 11?
-2472
Convert 2ca (base 13) to base 9.
620
Convert -216666 (base 7) to base 11.
-26953
616 (base 15) to base 16
55b
Convert -200210000 (base 3) to base 10.
-13689
What is 903 (base 14) in base 12?
1033
What is -3129 (base 13) in base 16?
-1a8b
What is -10753 (base 13) in base 9?
-44804
Convert 34a (base 15) to base 8.
1351
6722 (base 15) to base 6
245105
What is -300 (base 6) in base 3?
-11000
-94 (base 12) to base 7
-220
Convert -113143 (base 5) to base 6.
-31153
6c9c (base 16) to base 11
19987
Convert -5326 (base 7) to base 2.
-11101011010
What is 330f (base 16) in base 6?
140303
10011 (base 3) to base 11
78
What is 100001100100 (base 2) in base 10?
2148
-3235 (base 9) to base 11
-1875
What is 505 (base 7) in base 13?
163
Convert -21315 (base 7) to base 13.
-2550
Convert 21436 (base 9) to base 3.
201111020
What is -33305 (base 6) in base 2?
-1001000101001
Convert 57 (base 13) to base 9.
80
What is -d4b8 (base 14) in base 3?
-1212020020
What is -917 (base 10) in base 4?
-32111
612 (base 8) to base 2
110001010
What is 6056 (base 7) in base 6?
13415
7023 (base 12) to base 11
9121
Convert 32606 (base 8) to base 16.
3586
What is 214250 (base 7) in base 15?
b1b5
-288 (base 13) to base 15
-200
Convert -5e18 (base 16) to base 13.
-ac6c
Convert 6511 (base 7) to base 5.
332